1215 and z.
15
Let b(f) be the first derivative of -4*f**2 + 12 + 22*f + 1/3*f**3. Let n be b(7). What is the greatest common divisor of n and 10?
5
Let p be (2 + 3)*(4 - (-3 + 8)). Let o be 3/((-15)/(-160)) + p + 1. What is the highest common divisor of 98 and o?
14
Let k be 63*16/144 + (-173)/(-1). Calculate the highest common factor of k and 9960.
60
Suppose -29486 = 113*h - 45758. Let v be 17/4 - (-2)/(-8). Let k = v + 5. What is the highest common divisor of k and h?
9
Suppose 2*d + 12 = 0, 0 = 60*c - 55*c - 2*d - 152. What is the highest common divisor of c and 966?
14
Suppose 5624 = 77*t - 4196 - 15744. Calculate the greatest common divisor of 249 and t.
83
Let k(l) = 28*l - 410. Let v(q) = -5*q + 82. Let z(i) = 3*k(i) + 16*v(i). Let f be z(22). What is the highest common factor of f and 20?
10
Let q = 24 + -4. Suppose -27032*t = -27048*t + 3680. What is the greatest common factor of t and q?
10
Suppose -4763 = y - 2*q - 4848, 3*q + 432 = 5*y. Calculate the greatest common factor of y and 52809.
87
Suppose 47*j - 179962 + 36419 = 110821. Calculate the greatest common divisor of 44 and j.
44
Let q(s) = -s**3 + 25*s**2 + 55*s - 27. Let v be q(27). Let h(k) = -21*k + 16. Let w be h(v). What is the greatest common divisor of w and 64?
16
Let b = 341 + -1125. Let k = -775 - b. Calculate the highest common divisor of k and 207.
9
Let z = 336 - -1230. What is the greatest common factor of z and 1827?
261
Let i = -12643 - -13992. What is the highest common divisor of 19 and i?
19
Suppose -83 = -2*q + 5*m, q - 47 = -5*m + 2*m. Suppose 12*z + 6272 = q*z. What is the highest common divisor of 147 and z?
49
Let i = -10347 - -10763. Calculate the greatest common factor of i and 1378.
26
Let t(v) = -v**2 - 6*v - 7. Let z be t(-4). Let d be (z/1 - 6)*(-288)/45. Let y(c) = -2*c + 20. Let n be y(8). What is the greatest common factor of n and d?
4
Suppose -3*d - 6 - 30 = 0. Let g be (3 - (8/d + 4))*-6. Suppose -6*n + g*q = -n - 170, -5*n - 2*q = -170. Calculate the greatest common divisor of n and 2.
2
Let k(i) = 3*i**2 + 61*i - 64. Let t(l) = -l**2 - 21*l + 21. Let u(r) = -4*k(r) - 11*t(r). Let o be u(-14). What is the greatest common factor of 55 and o?
11
Let r(t) = -t**3 - 10*t**2 - 3*t - 7. Let p be r(-12). Let k = p - 71. What is the highest common divisor of k and 6?
6
Suppose 510 = 5*x - 0*x. Let p(m) = 14*m**2 - 35*m + 63. Let j be p(6). Calculate the highest common factor of x and j.
51
Let q be -12 + 15 - (-10 - (-4 - 3)). Calculate the greatest common factor of 726 and q.
6
Suppose 16*t - 19*t = -135. Let k = t + -8. Let s = -34 + k. Calculate the highest common divisor of s and 3.
3
Let c(h) = 4*h - 34. Let y be c(19). Let f = 75 - y. Suppose -12*o - 2*d + 662 = -8*o, 2*o = d + 329. What is the greatest common divisor of o and f?
33
Let o be 1*473*(-26 - -27). Let z = o + -331. What is the highest common divisor of 355 and z?
71
Suppose 424 = 2*c + 184. Let v be 315/c + (-3)/(-8) - -316. Let n = -37 + 66. Calculate the highest common divisor of v and n.
29
Let p = 13689 - 9105. Calculate the greatest common divisor of p and 24.
24
Let k be (-16)/(13 + -5) - -5. Let q be (k/7)/((-4 + 11)/49). What is the highest common factor of 96 and q?
3
Suppose -7*f + 4480 = -3*f + 2*j, 5*f - 3*j - 5611 = 0. Calculate the highest common factor of 59 and f.
59
Suppose 4*p - 11982 = 3*s, -224*s = -6*p - 222*s + 17988. What is the highest common divisor of p and 400?
200
Suppose 0 = 83*x - 102*x + 57. Calculate the highest common divisor of x and 681.
3
Let q be 7 - 4 - (-81)/1. Let o = -479 - -533. Suppose 9 + 9 = t - 2*d, -4*t + 2*d + o = 0. Calculate the highest common divisor of q and t.
12
Suppose 3*f - 179 = 5*q, -4*f + f = 3*q - 195. Let n(j) = 166*j + 6. Let h be n(3). Calculate the highest common factor of h and f.
63
Suppose 16*b - 286 + 46 = 0. Let h(r) = -r**3 - 9*r**2 - 11*r - 24. Let f be h(-9). Calculate the greatest common factor of b and f.
15
Suppose -2*z = 4*p - 1472, 2*z - 29*p - 1448 = -30*p. Calculate the greatest common divisor of 312 and z.
24
Let r = 1489 + 779. What is the greatest common factor of r and 280?
28
Let c be -1 + -10*(-12)/30. Let b be 8*40 - (-2 + c). Calculate the greatest common divisor of 44 and b.
11
Suppose -61 = 5*s - 51. Let p be (0 - (-2 - s))/(-7 + 6). Suppose -4*u - 8 = 0, -d + p*u - 4*u = -22. What is the highest common factor of 240 and d?
30
Let k(n) = n**2 - 7*n + 11. Let c(t) = -9*t + 105. Let h be c(11). Let s be k(h). What is the greatest common divisor of s and 95?
5
Let p(n) = 21*n**2 - 2*n. Let r be p(2). Let s(a) = 30*a + 1030. Let h be s(-34). Calculate the greatest common factor of h and r.
10
Let g(x) = 5*x**3 - 22*x**2 + 48*x - 1. Let b be g(3). Suppose 2*f - 5*f = -840. What is the greatest common factor of b and f?
40
Suppose 1078*s = -916*s + 95712. Suppose -4*r + 9 = 3*d - 2*r, 0 = -5*d + r + 15. Calculate the highest common divisor of d and s.
3
Let j = -8613 + 9061. Calculate the greatest common divisor of j and 84.
28
Let j(h) = 30*h - 40. Let g(x) = -x + 1. Let l(d) = -20*g(d) - j(d). Let m be l(-6). Calculate the highest common divisor of 40 and m.
40
Suppose -399 = -46*s + 39*s. Calculate the greatest common factor of s and 6517.
19
Let f = 25152 + -12227. Suppose -34*w = -f - 7849. What is the greatest common divisor of 47 and w?
47
Suppose 6*f - 13*f - 31 = -157. What is the highest common factor of f and 738?
18
Let x(u) = -8*u**3 - 6*u - 3. Let k be x(-2). Suppose 6060 + 510 = 10*p. Calculate the highest common factor of k and p.
73
Let y(a) = 956*a**3 + 2*a**2 - 19*a + 18. Let d be y(1). What is the greatest common factor of 87 and d?
87
Suppose i - 35 = -h, -5*i + 183 = 4*h + 42. Let v be 6/12*(0 + h). What is the highest common factor of v and 255?
17
Suppose 3*x - 2*m - 1596 = 476, m - 1393 = -2*x. Let b = -692 + x. Calculate the greatest common factor of b and 54.
2
Let t = 4991 + -4956. Let r = -9 - -16. Calculate the greatest common divisor of t and r.
7
Suppose 7*h + 2688 = 23*h. Let l be (-246)/(-2) + h/(-42). What is the greatest common divisor of 14 and l?
7
Let z = 101 + -51. Let u = -38 + z. Let p be 5*((-16)/(-15))/(2/9). Calculate the greatest common divisor of u and p.
12
Suppose 5*q - 3*u = 90, -2*u + 54 = 3*q + u. Suppose k - 17*k - 10*k = -468. Calculate the greatest common factor of q and k.
18
Let l be 1/(-3 + 3 + -2) + 25938/36. Calculate the greatest common divisor of l and 135.
45
Suppose 0 = w - 127 - 87. Suppose -12 = -216*v + w*v. What is the highest common divisor of v and 32?
2
Let r be -1*80/(-6)*3. Let d = 23634 + -23454. Calculate the highest common factor of d and r.
20
Let g = -83 - -219. Suppose 41 = -2*u + a, -u - 2*a = -7*a + 7. Let r = u - -39. What is the greatest common factor of r and g?
17
Let z = 142 - 6. Let o = z - 132. Suppose -o = 73*q - 77*q. What is the greatest common divisor of q and 3?
1
Suppose 190947 = 112*u + 89465 - 105494. Calculate the highest common factor of 1408 and u.
88
Let t(z) = -3*z**2 + 47*z - 23. Let q be t(12). What is the highest common divisor of q and 2507?
109
Suppose 0 = 11*o - 67 - 10. Suppose o*r + 12 = 3*r, -3*n + 225 = r. What is the highest common factor of n and 38?
38
Let d(b) = -5*b + 494. Let a be d(89). What is the greatest common factor of a and 693?
7
Let r(s) = 17*s + 9. Let z be r(2). Suppose 0 = 4*a + z - 267. Calculate the greatest common divisor of a and 448.
56
Let w = -38 + 70. Suppose -1120 = 477*v - 497*v. Calculate the highest common divisor of v and w.
8
Let y = 9 + -8. Let r be (y - 2) + 214 - (-5 + 4). Let s = r + -26. Calculate the highest common divisor of 47 and s.
47
Let a(h) = -2*h**2 - 24*h - 15. Suppose 4 = 5*d - 4*i + 47, 4*i + 45 = -3*d. Let y be a(d). Calculate the highest common factor of 56 and y.
7
Let w(z) = z**3 - 42*z**2 + 238*z. Let u be w(6). Calculate the highest common factor of u and 2024.
44
Let n(y) = y**3 + y**2 - y + 16. Suppose 3*v = 5*k - 14, 9*k - v - 14 = 5*k. Let m be n(k). Let s = -35 + 58. What is the greatest common divisor of m and s?
23
Suppose -l - 11 = -k, 15*k + 5*l - 35 = 10*k. Let p(v) = -v**2 + 15*v - 5. Let s be p(5). What is the highest common divisor of k and s?
9
Let a(c) be the third derivative of 55*c**4/24 - 29*c**3/6 - 23*c**2 + 